{"id":8247,"date":"2025-10-08T07:17:26","date_gmt":"2025-10-08T07:17:26","guid":{"rendered":"https:\/\/icelimo.dk\/?page_id=8247"},"modified":"2025-10-08T07:17:28","modified_gmt":"2025-10-08T07:17:28","slug":"cookiepolitik","status":"publish","type":"page","link":"https:\/\/icelimo.dk\/?page_id=8247","title":{"rendered":"Cookiepolitik"},"content":{"rendered":"\n<p><em>Denne cookiepolitik blev sidst opdateret 14\/10\/2024 og g\u00e6lder borgere i Det Europ\u00e6iske \u00d8konomiske Samarbejdsomr\u00e5de.<\/em><\/p>\n\n\n\n<h2 class=\"wp-block-heading\">1. Introduktion<\/h2>\n\n\n\n<p>Vores websted,\u00a0<a href=\"https:\/\/icelimo.dk\">https:\/\/icelimo.dk<\/a>\u00a0(i det f\u00f8lgende: \u201cwebstedet\u201d) bruger cookies og andre relaterede teknologier (for nemheds skyld ben\u00e6vnes alle teknologier \u201ccookies\u201d). Cookies placeres ogs\u00e5 af tredjepart, vi har engageret. I dokumentet herunder informerer vi dig om brugen af \u200b\u200bcookies p\u00e5 vores websted.<\/p>\n\n\n\n<h2 class=\"wp-block-heading\">2. Hvad er cookies?<\/h2>\n\n\n\n<p>En cookie er en lille tekst fil, der sendes sammen med sider p\u00e5 webstedet, og som er gemt i din browser p\u00e5 din computer eller enhed. Informationen i cookien kan blive sendt til vores eller relevante tredjeparts servere, n\u00e5r du bes\u00f8ger siden igen.<\/p>\n\n\n\n<h2 class=\"wp-block-heading\">3. Hvad er scripts?<\/h2>\n\n\n\n<p>Et script er et stump kode, der g\u00f8r, at vores websted fungerer ordentligt og som forventet. Denne kode afvikles enten p\u00e5 vores server eller p\u00e5 din enhed.<\/p>\n\n\n\n<h2 class=\"wp-block-heading\">4. Hvad er en web beacon?<\/h2>\n\n\n\n<p>Et web beacon (eller pixel tag) er en lille stump tekst eller billede p\u00e5 et websted, der bruges til at over\u00e5ge trafikken p\u00e5 webstedet. For at g\u00f8re det, bliver der gemt forskellige data om dig i web beacons.<\/p>\n\n\n\n<h2 class=\"wp-block-heading\">5. Cookies<\/h2>\n\n\n\n<p>5.1 Tekniske eller funktionelle cookies<\/p>\n\n\n\n<p>Nogle cookies sikrer, at visse dele af webstedet fungerer korrekt, og at dine brugerpr\u00e6ferencer forbliver kendte. Ved at placere funktionelle cookies g\u00f8r vi det lettere for dig at bes\u00f8ge vores websted. P\u00e5 denne m\u00e5de beh\u00f8ver du ikke gentagne gange at indtaste de samme oplysninger, n\u00e5r du bes\u00f8ger vores websted, og for eksempel forbliver varerne i din indk\u00f8bskurv, indtil du har betalt. Vi kan placere disse cookies uden dit samtykke.<\/p>\n\n\n\n<p>5.2 Analysecookies<\/p>\n\n\n\n<p>Vi bruger analytiske cookies til at optimere webstedsoplevelsen for vores brugere. Med disse analytiske cookies f\u00e5r vi indsigt i brugen af \u200b\u200bvores websted.&nbsp;Vi beder din tilladelse til at placere analytiske cookies.<\/p>\n\n\n\n<p>5.3 Marketing cookies<\/p>\n\n\n\n<p>P\u00e5 dette websted bruger vi marketing cookies, som g\u00f8r det muligt for os at indhente oplysninger om markedsf\u00f8ringskampagner. Det sker p\u00e5 baggrund af en profil, som vi har udviklet baseret p\u00e5 din adf\u00e6rd p\u00e5&nbsp;<a href=\"https:\/\/ryaais.dk\/\">https:\/\/ryaais.dk<\/a>. Med s\u00e5danne cookies er du, som bruger, forbundet til et unik ID. Men disse cookies vil ikke blive brugt til at profilere din adf\u00e6rd og interesser i forbindelse med personalisering af annoncer.<\/p>\n\n\n\n<p>5.4 Marketing- \/ sporingscookies<\/p>\n\n\n\n<p>Marketing \u2013 \/ sporingscookies eller hvilken som helst anden form for lokal datalagring, som bruges til at udarbejde brugerprofiler med henblik p\u00e5 annoncering eller p\u00e5 at f\u00f8lge brugeren p\u00e5 dette websted eller p\u00e5 tv\u00e6rs af flere websteder med lignende markedsf\u00f8ringsform\u00e5l.<\/p>\n\n\n\n<p>Da disse cookies er markeret som sporings-cookies, beder vi om din tilladelse til at placere disse.<\/p>\n\n\n\n<p>5.5 Sociale medier<\/p>\n\n\n\n<p>On our website, we have included content from Facebook to promote web pages (e.g. \u201clike\u201d, \u201cpin\u201d) or share (e.g. \u201ctweet\u201d) on social networks like Facebook. This content is embedded with code derived from Facebook and places cookies. This content might store and process certain information for personalized advertising.<\/p>\n\n\n\n<p>L\u00e6s fortrolighedserkl\u00e6ringen p\u00e5 de sociale netv\u00e6rk (som kan \u00e6ndres regelm\u00e6ssigt) for at l\u00e6se, hvad de g\u00f8r med dine (personlige) data, som de behandler ved hj\u00e6lp af disse cookies. De data, der hentes, anonymiseres s\u00e5 meget som muligt. Facebook befinder sig i USA.<\/p>\n\n\n\n<h2 class=\"wp-block-heading\">6. Placerede cookies og samtykke<\/h2>\n\n\n\n<p>N\u00e5r du bes\u00f8ger vores websted for f\u00f8rste gang, viser vi dig en pop-up med en forklaring om cookies. S\u00e5 snart du klikker p\u00e5 \u201cGem valg\u201d, accepterer du os at bruge de kategorier af cookies og plug-ins du valgte i pop-up-funktionen, som beskrevet i denne cookiepolitik. Du kan deaktivere brugen af \u200b\u200bcookies via din browser, men bem\u00e6rk at vores websted muligvis ikke l\u00e6ngere fungerer korrekt.<\/p>\n\n\n\n<h2 class=\"wp-block-heading\">7. Cookie Deklaration<\/h2>\n\n\n\n<p>Vi bruger cookies til at forbedre din oplevelse, personligg\u00f8re indhold og annoncer, levere funktioner til sociale medier og analysere vores trafik. Vi deler ogs\u00e5 oplysninger om din brug af vores websted med vores partnere inden for sociale medier, annoncering og analyse, som kan kombinere dem med andre data, du har angivet, eller som de har indsamlet fra din brug af deres tjenester. I henhold til loven kan vi gemme cookies p\u00e5 din enhed, hvis de er n\u00f8dvendige for, at webstedet kan fungere. For alle andre typer cookies kr\u00e6ver vi dit samtykke. N\u00f8dvendige cookies behandles i henhold til GDPR Art. 6 (1) (f), mens pr\u00e6ference- og marketingcookies behandles i henhold til GDPR Art. 6 (1) (a). Dette websted bruger forskellige typer cookies, herunder nogle, der er placeret af tredjepartstjenester, der vises p\u00e5 vores sider. Du kan til enhver tid \u00e6ndre eller tr\u00e6kke dit samtykke tilbage ved hj\u00e6lp af cookie-ikonet (hvis tilg\u00e6ngeligt) nederst til venstre eller h\u00f8jre p\u00e5 siden eller via det dedikerede link i vores sidefod. Hvis du kontakter os ang\u00e5ende dit samtykke, bedes du angive dit samtykke-ID.<\/p>\n\n\n\n<div class=\"wpconsent-cookie-policy\"><h2 class=\"wpconsent-cookie-category-name\">Essential<\/h2><p class=\"wpconsent-cookie-category-description\">Essential cookies enable basic functions and are necessary for the proper function of the website.<\/p><table class=\"wpconsent-cookie-policy-table\"><tr><th>Cookie ID<\/th><th>Purpose<\/th><th>Duration<\/th><\/tr><tr><td>wpconsent_preferences<\/td><td>This cookie is used to store the user&#039;s cookie consent preferences.<\/td><td>30 days<\/td><\/tr><\/table><h3 class=\"wpconsent-cookie-service-name\">Comments<\/h3><p class=\"wpconsent-cookie-service-description\">These cookies are needed for adding comments on this website.<\/p><table class=\"wpconsent-cookie-policy-table\"><tr><th>Cookie ID<\/th><th>Purpose<\/th><th>Duration<\/th><\/tr><tr><td>comment_author<\/td><td>Used to track the user across multiple sessions.<\/td><td>Session<\/td><\/tr><tr><td>comment_author_email<\/td><td>Used to track the user across multiple sessions.<\/td><td>Session<\/td><\/tr><tr><td>comment_author_url<\/td><td>Used to track the user across multiple sessions.<\/td><td>Session<\/td><\/tr><\/table><h2 class=\"wpconsent-cookie-category-name\">Statistics<\/h2><p class=\"wpconsent-cookie-category-description\">Statistics cookies collect information anonymously. This information helps us understand how visitors use our website.<\/p><h3 class=\"wpconsent-cookie-service-name\">WooCommerce Sourcebuster<\/h3><p class=\"wpconsent-cookie-service-description\">SourceBuster is used by WooCommerce for order attribution based on user source.<\/p><table class=\"wpconsent-cookie-policy-table\"><tr><th>Cookie ID<\/th><th>Purpose<\/th><th>Duration<\/th><\/tr><tr><td>sbjs_migrations<\/td><td>Technical data to help with migrations between different versions of the tracking feature<\/td><td>session<\/td><\/tr><tr><td>sbjs_session<\/td><td>The number of page views in this session and the current page path<\/td><td>30 minutes<\/td><\/tr><tr><td>sbjs_udata<\/td><td>Information about the visitor\u2019s user agent, such as IP, the browser, and the device type<\/td><td>session<\/td><\/tr><tr><td>sbjs_first<\/td><td>Traffic origin information for the visitor\u2019s first visit to your store (only applicable if the visitor returns before the session expires)<\/td><td>session<\/td><\/tr><tr><td>sbjs_current<\/td><td>Traffic origin information for the visitor\u2019s current visit to your store<\/td><td>session<\/td><\/tr><tr><td>sbjs_first_add<\/td><td>Timestamp, referring URL, and entry page for your visitor\u2019s first visit to your store (only applicable if the visitor returns before the session expires)<\/td><td>session<\/td><\/tr><tr><td>sbjs_current_add<\/td><td>Timestamp, referring URL, and entry page for your visitor\u2019s current visit to your store<\/td><td>session<\/td><\/tr><\/table><\/div>\n\n\n\n<h2 class=\"wp-block-heading\">8. Aktivering\/deaktivering og sletning af cookies<\/h2>\n\n\n\n<p>Du kan bruge din internetbrowser til automatisk eller manuelt at slette cookies. Du kan ogs\u00e5 specificere, at visse cookies muligvis ikke placeres. En anden mulighed er at \u00e6ndre indstillingerne for din internetbrowser, s\u00e5 du modtager en besked, hver gang en cookie placeres. For mere information om disse indstillinger, se instruktionerne i Hj\u00e6lp-afsnittet i din browser.<\/p>\n\n\n\n<p>Bem\u00e6rk venligst, at vores hjemmeside muligvis ikke fungerer korrekt, hvis alle cookies er deaktiveret. Hvis du sletter cookies i din browser, vil de blive placeret igen efter dit samtykke, n\u00e5r du bes\u00f8ger vores hjemmeside igen.<\/p>\n\n\n\n<h2 class=\"wp-block-heading\">9. Dine rettigheder med hensyn til personlige data<\/h2>\n\n\n\n<p>Du har f\u00f8lgende rettigheder med hensyn til dine personlige data:<\/p>\n\n\n\n<p>&#8211; Du har ret til at vide, hvorfor dine personlige data er n\u00f8dvendige, hvad der vil ske med dem, og hvor l\u00e6nge de bliver opbevaret.<br>&#8211; Ret til adgang: Du har ret til at f\u00e5 adgang til dine personlige data, der er kendt af os.<br>&#8211; Ret til rettelse: Du har ret til at supplere, rette, slette eller blokere dine personlige data, n\u00e5r du \u00f8nsker det.<br>&#8211; Hvis du giver os dit samtykke til at behandle dine data, har du ret til at tilbagekalde dette samtykke og til at slette dine personlige data.<br>&#8211; Ret til at overf\u00f8re dine data: Du har ret til at anmode om alle dine personlige data fra den Behandlingsansvarlige og overf\u00f8re dem i sin helhed til en anden Behandlingsansvarlig.<br>&#8211; Ret til indsigelse: du kan g\u00f8re indsigelse mod behandlingen af \u200b\u200bdine data. Vi efterkommer dette, medmindre der er berettigede grunde til behandling.<\/p>\n\n\n\n<p>Kontakt os for at ud\u00f8ve disse rettigheder. Se kontaktoplysningerne nederst i denne cookiepolitik. Hvis du har en klage over, hvordan vi h\u00e5ndterer dine data, vil vi gerne h\u00f8re fra dig, men du har ogs\u00e5 ret til at indsende en klage til tilsynsmyndigheden (Datatilsynet).<\/p>\n\n\n\n<h2 class=\"wp-block-heading\">10. Kontaktdetaljer<\/h2>\n\n\n\n<p>Kontakt os venligst ved hj\u00e6lp af f\u00f8lgende kontaktoplysninger vedr\u00f8rende sp\u00f8rgsm\u00e5l og \/ eller kommentarer om vores cookiepolitik og denne erkl\u00e6ring:<\/p>\n\n\n\n<p>Ice Limo ApS<br>Brog\u00e5rdsvej 148<br>9440 Aabybro<br>Danmark<br><a href=\"https:\/\/icelimo.dk\">https:\/\/icelimo.dk<\/a><br>E-mail:\u00a0info@icelimo.dk<br>Telefonnummer: +45 9824 1004<br>CVR-nr. 34718083<\/p>\n\n\n\n<p><\/p>\n","protected":false},"excerpt":{"rendered":"<p>Denne cookiepolitik blev sidst opdateret 14\/10\/2024 og g\u00e6lder borgere i Det Europ\u00e6iske \u00d8konomiske Samarbejdsomr\u00e5de. 1. Introduktion Vores websted,\u00a0https:\/\/icelimo.dk\u00a0(i det f\u00f8lgende: \u201cwebstedet\u201d) bruger cookies og andre relaterede teknologier (for nemheds skyld ben\u00e6vnes alle teknologier \u201ccookies\u201d). Cookies placeres ogs\u00e5 af tredjepart, vi har engageret. I dokumentet herunder informerer vi dig om brugen af \u200b\u200bcookies p\u00e5 vores websted. [&hellip;]<\/p>\n","protected":false},"author":1,"featured_media":0,"parent":0,"menu_order":0,"comment_status":"closed","ping_status":"closed","template":"","meta":{"_acf_changed":false,"footnotes":""},"class_list":["post-8247","page","type-page","status-publish","hentry"],"acf":[],"_links":{"self":[{"href":"https:\/\/icelimo.dk\/index.php?rest_route=\/wp\/v2\/pages\/8247","targetHints":{"allow":["GET"]}}],"collection":[{"href":"https:\/\/icelimo.dk\/index.php?rest_route=\/wp\/v2\/pages"}],"about":[{"href":"https:\/\/icelimo.dk\/index.php?rest_route=\/wp\/v2\/types\/page"}],"author":[{"embeddable":true,"href":"https:\/\/icelimo.dk\/index.php?rest_route=\/wp\/v2\/users\/1"}],"replies":[{"embeddable":true,"href":"https:\/\/icelimo.dk\/index.php?rest_route=%2Fwp%2Fv2%2Fcomments&post=8247"}],"version-history":[{"count":1,"href":"https:\/\/icelimo.dk\/index.php?rest_route=\/wp\/v2\/pages\/8247\/revisions"}],"predecessor-version":[{"id":8248,"href":"https:\/\/icelimo.dk\/index.php?rest_route=\/wp\/v2\/pages\/8247\/revisions\/8248"}],"wp:attachment":[{"href":"https:\/\/icelimo.dk\/index.php?rest_route=%2Fwp%2Fv2%2Fmedia&parent=8247"}],"curies":[{"name":"wp","href":"https:\/\/api.w.org\/{rel}","templated":true}]}}