{"id":7799,"date":"2025-10-01T15:54:30","date_gmt":"2025-10-01T15:54:30","guid":{"rendered":"https:\/\/icelimo.dk\/?page_id=7799"},"modified":"2025-10-09T08:23:59","modified_gmt":"2025-10-09T08:23:59","slug":"om-os-2","status":"publish","type":"page","link":"https:\/\/icelimo.dk\/?page_id=7799","title":{"rendered":"Om os"},"content":{"rendered":"\t\t<div data-elementor-type=\"wp-page\" data-elementor-id=\"7799\" class=\"elementor elementor-7799\" data-elementor-post-type=\"page\">\n\t\t\t\t<div class=\"elementor-element elementor-element-b1136ef e-con-full e-flex e-con e-parent\" data-id=\"b1136ef\" data-element_type=\"container\" data-settings=\"{&quot;background_background&quot;:&quot;classic&quot;}\">\n\t\t\t\t<\/div>\n\t\t<div class=\"elementor-element elementor-element-ce98eb2 e-flex e-con-boxed e-con e-parent\" data-id=\"ce98eb2\" data-element_type=\"container\">\n\t\t\t\t\t<div class=\"e-con-inner\">\n\t\t\t\t<div class=\"elementor-element elementor-element-1e21322 elementor-widget elementor-widget-heading\" data-id=\"1e21322\" data-element_type=\"widget\" data-widget_type=\"heading.default\">\n\t\t\t\t\t<h1 class=\"elementor-heading-title elementor-size-default\">Om os<\/h1>\t\t\t\t<\/div>\n\t\t\t\t\t<\/div>\n\t\t\t\t<\/div>\n\t\t<div class=\"elementor-element elementor-element-6e09af8 e-grid e-con-boxed e-con e-parent\" data-id=\"6e09af8\" data-element_type=\"container\">\n\t\t\t\t\t<div class=\"e-con-inner\">\n\t\t\t\t<div class=\"elementor-element elementor-element-63cc09f elementor-widget elementor-widget-text-editor\" data-id=\"63cc09f\" data-element_type=\"widget\" data-widget_type=\"text-editor.default\">\n\t\t\t\t\t\t\t\t\t<p style=\"margin: 0cm; font-size: 12pt; font-family: Aptos, sans-serif; color: #000000;\">Ice Limo har siden 2012 v\u00e6ret drevet af N.H. Lindhardt, ejer af Aabybro Mejeri, og er nu ogs\u00e5 ejet af hans s\u00f8n Hans Christian Lindhardt. Virksomheden er godkendt af Jammerbugt Kommune og r\u00e5der over en officiel limousinebevilling. Alle vores chauff\u00f8rer har gennemf\u00f8rt de lovpligtige kurser \u2013 s\u00e5 du kan f\u00f8le dig tryg og i gode h\u00e6nder.<\/p><p class=\"MsoNormal\" style=\"margin: 12pt 0cm; font-size: 12pt; font-family: Aptos, sans-serif; color: #000000;\">Hos Ice Limo k\u00f8rer vi til alle slags begivenheder, store som sm\u00e5, og vi s\u00f8rger for, at du altid ankommer med stil. Uanset om det g\u00e6lder en afhentning i lufthavnen, bryllupsk\u00f8rsel, gallafest, konfirmation, en romantisk aften, forretningsk\u00f8rsel eller en bl\u00e6rer\u00f8vstur i byen med vennerne, st\u00e5r vi klar til at give dig en k\u00f8reoplevelse udover det s\u00e6dvanlige. Vores erfarne og im\u00f8dekommende chauff\u00f8rer s\u00f8rger for, at du kommer sikkert og stilfuldt frem \u2013 altid til tiden og med et smil.<\/p><p class=\"MsoNormal\" style=\"margin: 0cm; font-size: 12pt; font-family: Aptos, sans-serif; color: #000000;\">Udover almindelig k\u00f8rsel findes der et v\u00e6ld af muligheder, for at benytte de luksuri\u00f8se k\u00f8ret\u00f8jer til photoshoots, musikvideoer eller noget helt tredje. Kontakt os for mere information.<\/p>\t\t\t\t\t\t\t\t<\/div>\n\t\t\t\t<div class=\"elementor-element elementor-element-276e4a1 elementor-widget elementor-widget-image\" data-id=\"276e4a1\" data-element_type=\"widget\" data-widget_type=\"image.default\">\n\t\t\t\t\t\t\t\t\t\t\t\t\t\t\t<img fetchpriority=\"high\" decoding=\"async\" width=\"1024\" height=\"683\" src=\"https:\/\/icelimo.dk\/wp-content\/uploads\/2025\/10\/06-JAMM-Rolls-Royce-01-1024x683.jpg\" class=\"attachment-large size-large wp-image-7809\" alt=\"\" srcset=\"https:\/\/icelimo.dk\/wp-content\/uploads\/2025\/10\/06-JAMM-Rolls-Royce-01-1024x683.jpg 1024w, https:\/\/icelimo.dk\/wp-content\/uploads\/2025\/10\/06-JAMM-Rolls-Royce-01-300x200.jpg 300w, https:\/\/icelimo.dk\/wp-content\/uploads\/2025\/10\/06-JAMM-Rolls-Royce-01-768x512.jpg 768w, https:\/\/icelimo.dk\/wp-content\/uploads\/2025\/10\/06-JAMM-Rolls-Royce-01-1536x1024.jpg 1536w, https:\/\/icelimo.dk\/wp-content\/uploads\/2025\/10\/06-JAMM-Rolls-Royce-01-2048x1365.jpg 2048w, https:\/\/icelimo.dk\/wp-content\/uploads\/2025\/10\/06-JAMM-Rolls-Royce-01-600x400.jpg 600w\" sizes=\"(max-width: 1024px) 100vw, 1024px\" \/>\t\t\t\t\t\t\t\t\t\t\t\t\t\t\t<\/div>\n\t\t\t\t\t<\/div>\n\t\t\t\t<\/div>\n\t\t<div class=\"elementor-element elementor-element-2fc6987 e-grid e-con-boxed e-con e-parent\" data-id=\"2fc6987\" data-element_type=\"container\">\n\t\t\t\t\t<div class=\"e-con-inner\">\n\t\t\t\t<div class=\"elementor-element elementor-element-538e7a5 elementor-widget elementor-widget-image\" data-id=\"538e7a5\" data-element_type=\"widget\" data-widget_type=\"image.default\">\n\t\t\t\t\t\t\t\t\t\t\t\t\t\t\t<img decoding=\"async\" width=\"1024\" height=\"683\" src=\"https:\/\/icelimo.dk\/wp-content\/uploads\/2025\/10\/om_os-1024x683.jpg\" class=\"attachment-large size-large wp-image-7801\" alt=\"\" srcset=\"https:\/\/icelimo.dk\/wp-content\/uploads\/2025\/10\/om_os-1024x683.jpg 1024w, https:\/\/icelimo.dk\/wp-content\/uploads\/2025\/10\/om_os-300x200.jpg 300w, https:\/\/icelimo.dk\/wp-content\/uploads\/2025\/10\/om_os-768x512.jpg 768w, https:\/\/icelimo.dk\/wp-content\/uploads\/2025\/10\/om_os-1536x1024.jpg 1536w, https:\/\/icelimo.dk\/wp-content\/uploads\/2025\/10\/om_os-600x400.jpg 600w, https:\/\/icelimo.dk\/wp-content\/uploads\/2025\/10\/om_os.jpg 1920w\" sizes=\"(max-width: 1024px) 100vw, 1024px\" \/>\t\t\t\t\t\t\t\t\t\t\t\t\t\t\t<\/div>\n\t\t\t\t<div class=\"elementor-element elementor-element-ede9f41 elementor-widget elementor-widget-text-editor\" data-id=\"ede9f41\" data-element_type=\"widget\" data-widget_type=\"text-editor.default\">\n\t\t\t\t\t\t\t\t\t<p class=\"MsoNormal\" style=\"margin: 0cm; font-size: 12pt; font-family: Aptos, sans-serif; color: #000000;\"><b>St\u00e6rk passion for biler<\/b><\/p><p class=\"MsoNormal\" style=\"margin: 0cm; font-size: 12pt; font-family: Aptos, sans-serif; color: #000000;\">Hos Ice Limo handler det ikke kun om at k\u00f8re folk fra A til B. Det handler om oplevelser, om nostalgi \u2013 og om N.H. Lindhardts dybe passion for klassiske biler.<\/p><p class=\"MsoNormal\" style=\"margin: 11.25pt 0cm; font-size: 12pt; font-family: Aptos, sans-serif; color: #000000; background-position: initial; background-color: white;\">For N.H. Lindhardt begyndte bilgl\u00e6den i barndommen, hvor han som dreng k\u00f8rte med sin far i tankbilen med m\u00e6lk, og siden selv overtog rattet. Men det var f\u00f8rst i 2010, at k\u00e6rligheden til de klassiske biler for alvor tog fart. Det skete en aften, hvor han fik lov til at k\u00f8re hjem fra Aalborg i en Rolls-Royce Silver Cloud \u00e5rgang 1959. Det var k\u00e6rlighed ved f\u00f8rste k\u00f8retur. Dagen efter blev bilen hans \u2013 og siden da er samlingen kun vokset.<\/p><p class=\"MsoNormal\" style=\"margin: 11.25pt 0cm; font-size: 12pt; font-family: Aptos, sans-serif; color: #000000; background-position: initial; background-color: white;\">\u00a0<\/p>\t\t\t\t\t\t\t\t<\/div>\n\t\t\t\t\t<\/div>\n\t\t\t\t<\/div>\n\t\t<div class=\"elementor-element elementor-element-8f90be3 e-flex e-con-boxed e-con e-parent\" data-id=\"8f90be3\" data-element_type=\"container\">\n\t\t\t\t\t<div class=\"e-con-inner\">\n\t\t<div class=\"elementor-element elementor-element-98aa0be e-con-full e-flex e-con e-child\" data-id=\"98aa0be\" data-element_type=\"container\">\n\t\t\t\t<div class=\"elementor-element elementor-element-f327302 elementor-widget elementor-widget-text-editor\" data-id=\"f327302\" data-element_type=\"widget\" data-widget_type=\"text-editor.default\">\n\t\t\t\t\t\t\t\t\t<p><strong> F\u00e6lles k\u00e6rlighed til motorer gennem generationer<\/strong><\/p><p>I takt med at N.H. Lindhardts imponerende samling af biler voksede, begyndte Hans Christian Lindhardt ogs\u00e5 at udvikle en stor interesse for de samme typer motordrevne k\u00f8ret\u00f8jer. Hans fascination voksede, og ligesom sin far deler han en stor k\u00e6rlighed til alt, hvad der har motor og sj\u00e6l. Denne f\u00e6lles passion binder generationerne sammen og vidner om en st\u00e6rk respekt for h\u00e5ndv\u00e6rket og historien bag hvert enkelt k\u00f8ret\u00f8j.<\/p><p>I dag huser garagen bag Aabybro Mejeri en sand skattekiste af biler: Fra en limousine og specialbyggede pick-up trucks til motorcykler og en \u00e6gte kronebil. Hver bil har sin historie, og hos Ice Limo bliver de ikke bare st\u00f8vet af \u2013 de bliver k\u00f8rt, vist frem og delt med andre.<\/p>\t\t\t\t\t\t\t\t<\/div>\n\t\t\t\t<\/div>\n\t\t<div class=\"elementor-element elementor-element-b73ac94 e-con-full e-flex e-con e-child\" data-id=\"b73ac94\" data-element_type=\"container\">\n\t\t\t\t<div class=\"elementor-element elementor-element-e0fce7e elementor-widget elementor-widget-image\" data-id=\"e0fce7e\" data-element_type=\"widget\" data-widget_type=\"image.default\">\n\t\t\t\t\t\t\t\t\t\t\t\t\t\t\t<img decoding=\"async\" width=\"1024\" height=\"768\" src=\"https:\/\/icelimo.dk\/wp-content\/uploads\/2025\/10\/image005-1.jpg\" class=\"attachment-large size-large wp-image-8156\" alt=\"\" srcset=\"https:\/\/icelimo.dk\/wp-content\/uploads\/2025\/10\/image005-1.jpg 1024w, https:\/\/icelimo.dk\/wp-content\/uploads\/2025\/10\/image005-1-300x225.jpg 300w, https:\/\/icelimo.dk\/wp-content\/uploads\/2025\/10\/image005-1-768x576.jpg 768w, https:\/\/icelimo.dk\/wp-content\/uploads\/2025\/10\/image005-1-600x450.jpg 600w\" sizes=\"(max-width: 1024px) 100vw, 1024px\" \/>\t\t\t\t\t\t\t\t\t\t\t\t\t\t\t<\/div>\n\t\t\t\t<\/div>\n\t\t\t\t\t<\/div>\n\t\t\t\t<\/div>\n\t\t\t\t<\/div>\n\t\t","protected":false},"excerpt":{"rendered":"<p>Ice Limo har siden 2012 v\u00e6ret drevet af N.H. Lindhardt, ejer af Aabybro Mejeri, og er nu ogs\u00e5 ejet af hans s\u00f8n Hans Christian Lindhardt. Virksomheden er godkendt af Jammerbugt Kommune og r\u00e5der over en officiel limousinebevilling. Alle vores chauff\u00f8rer har gennemf\u00f8rt de lovpligtige kurser \u2013 s\u00e5 du kan f\u00f8le dig tryg og i gode [&hellip;]<\/p>\n","protected":false},"author":1,"featured_media":0,"parent":0,"menu_order":0,"comment_status":"closed","ping_status":"closed","template":"page-full-width.php","meta":{"_acf_changed":false,"footnotes":""},"class_list":["post-7799","page","type-page","status-publish","hentry"],"acf":[],"_links":{"self":[{"href":"https:\/\/icelimo.dk\/index.php?rest_route=\/wp\/v2\/pages\/7799","targetHints":{"allow":["GET"]}}],"collection":[{"href":"https:\/\/icelimo.dk\/index.php?rest_route=\/wp\/v2\/pages"}],"about":[{"href":"https:\/\/icelimo.dk\/index.php?rest_route=\/wp\/v2\/types\/page"}],"author":[{"embeddable":true,"href":"https:\/\/icelimo.dk\/index.php?rest_route=\/wp\/v2\/users\/1"}],"replies":[{"embeddable":true,"href":"https:\/\/icelimo.dk\/index.php?rest_route=%2Fwp%2Fv2%2Fcomments&post=7799"}],"version-history":[{"count":40,"href":"https:\/\/icelimo.dk\/index.php?rest_route=\/wp\/v2\/pages\/7799\/revisions"}],"predecessor-version":[{"id":8265,"href":"https:\/\/icelimo.dk\/index.php?rest_route=\/wp\/v2\/pages\/7799\/revisions\/8265"}],"wp:attachment":[{"href":"https:\/\/icelimo.dk\/index.php?rest_route=%2Fwp%2Fv2%2Fmedia&parent=7799"}],"curies":[{"name":"wp","href":"https:\/\/api.w.org\/{rel}","templated":true}]}}